ose 5*q - 2*r - 5 = 7, -2*q - 3*r + 20 = 0. What is the greatest common divisor of p and q?
4
Let i be (-2 - -2)*(26 - 27) - (-14 - -5). Let k(w) = w**3 + w**2 + w + 3. Let c be k(0). What is the highest common divisor of c and i?
3
Suppose 166 + 50 = 9*g. Suppose 5*d - 3*h = 45, -4*d + 11 = -2*h - 27. What is the greatest common divisor of d and g?
12
Suppose -r - 5*j = 10, -j = -0 + 2. Suppose r = -2*f + a + 8, -3*f = 5*a - 10*a + 2. Calculate the greatest common factor of 48 and f.
6
Suppose -3*m + 2*j + 33 = -1, -2*m - 3*j + 1 = 0. Suppose -36 = -h + t, -3*h + 3*t = -2*t - 100. Calculate the greatest common factor of h and m.
8
Let v = 47 + -7. Suppose v = -2*z + 7*z. Calculate the greatest common divisor of 88 and z.
8
Suppose 11*b - 29*b + 53*b - 70 = 0. Suppose -d + 8 = 3*d. Calculate the greatest common factor of b and d.
2
Suppose 0 = -4*x + 1 + 7. Suppose 0 = -x*f - 0*p - 3*p + 27, 5*f + 2*p = 62. Calculate the highest common divisor of 108 and f.
12
Suppose 39*a - 3*a - 1008 = 0. Calculate the greatest common divisor of a and 322.
14
Suppose 24*x - 210 = 18*x. What is the greatest common factor of 112 and x?
7
Let w = -92 - -91. Let k(r) = -118*r - 2. Let g be k(w). Let t be (58 + 0)/(0 - -2). What is the highest common divisor of t and g?
29
Let y(v) = 14*v - 2. Let m be (1*128)/(-4) + 1. Let u = m + 33. Let w be y(u). What is the highest common divisor of 13 and w?
13
Suppose 0 = 16*y - 21*y - 465. Let q = 141 + y. Let w = 19 + -7. Calculate the highest common factor of w and q.
12
Let w be 180/27 - (-2)/6. Let i = w - 1. Let t = -72 - -78. Calculate the highest common divisor of t and i.
6
Let j = -952 + 956. What is the highest common divisor of 620 and j?
4
Suppose -2*j + 41 = 31. Suppose j*k + 3*k - 352 = 0. Calculate the highest common factor of 4 and k.
4
Suppose 6 = -4*q + 5*f - 12, 3*q - f = -8. Let s be (1 - q)/((-6)/(-24)). What is the highest common divisor of s and 96?
12
Suppose 7*b = -5 + 82. Calculate the highest common factor of 33 and b.
11
Let q = 6 + -3. Let x = 4 - -8. Suppose 4*c - 6*c = -x. What is the greatest common factor of q and c?
3
Let a = -192 - -486. What is the greatest common divisor of 84 and a?
42
Let s be (-2610)/(-114) + (-2)/(-19). What is the greatest common factor of s and 23?
23
Let h(y) = 78*y - 288. Let v be h(24). Calculate the greatest common divisor of v and 36.
36
Let d be (-1)/(-3) - (3808/(-12))/8. Suppose 0*g - 30 = -3*g. Calculate the greatest common divisor of g and d.
10
Suppose 0 = -3*f - 2*o - 2*o + 139, -3*f = -2*o - 151. Calculate the highest common divisor of f and 392.
49
Suppose 5*t + 6 = -4. Let l be ((-6)/4)/(t/60). What is the highest common factor of 18 and l?
9
Let t(p) = 4*p**2 - 3*p + 4. Suppose 4*b = -2*r + 8, 2*r - 3*b = 2 - 1. Let u be t(r). What is the highest common factor of 35 and u?
7
Let j(m) = -2*m**3 - 5*m**2 - 2*m - 7. Let a be j(-4). Let h = a - -204. Calculate the highest common factor of h and 23.
23
Let s(w) = 3*w**2 + 2 - 1 + 3*w**2 - 5*w. Let j be s(4). Suppose 21*v - 25 = 206. Calculate the highest common factor of v and j.
11
Suppose -5*z - 58*l = -60*l - 372, -2*z + 4*l = -152. Calculate the greatest common divisor of z and 2294.
74
Suppose -5*c = c. Suppose c = 3*r + d - 71, -2*d = -0*r + r - 22. Let u(k) = k**2 - k - 8. Let z be u(-7). What is the highest common factor of r and z?
24
Suppose 3*p - 3*v - 179 = -7*v, -p + 55 = -v. Suppose p*h - 784 = 53*h. What is the greatest common divisor of h and 28?
28
Let v = 87 + -74. What is the highest common factor of v and 39?
13
Suppose 5*j = 486 + 164. Let d(t) = t**2 - 7*t - 4. Let f = -36 - -46. Let r be d(f). Calculate the greatest common factor of j and r.
26
Let s(h) = h**3 + 10*h**2 - 15*h - 22. Let d be s(-11). What is the highest common divisor of 55 and d?
11
Suppose 4 = 2*l - 14. Let i be 8 + (3 + -2)*1. Calculate the greatest common divisor of i and l.
9
Let m be 1 + 48 - (-2 + 13 + -6). What is the highest common divisor of m and 4?
4
Let q = -19 - -61. Let n = -59 + 101. Suppose b - 3*b = -n. What is the highest common divisor of b and q?
21
Suppose 11*j - 68 + 24 = 0. Let b = 6 - j. Calculate the greatest common factor of b and 3.
1
Suppose -4*a - 3*o + 6 = -3, 4*a - 3*o = 15. Suppose q = -3*q - 2*f, -4*q + a*f + 10 = 0. Suppose q = -h + 17. What is the highest common divisor of h and 40?
8
Let t(z) = -8*z + 212. Let r be t(23). Calculate the highest common factor of r and 266.
14
Suppose -3*g + 2*l - 38 + 3 = 0, 2*l = 4*g + 44. Let q be (g/(-6))/((-6)/(-4)). Let p be (44/10)/((-36)/(-90)). Calculate the highest common divisor of p and q.
1
Let j be ((-15158)/(-65))/((-4)/(-10)). What is the highest common divisor of j and 53?
53
Let a = 230 + -50. Let v be 70 - (0 + 1)*-2. What is the greatest common factor of a and v?
36
Let a be -4 - (-727 - (-2)/2). What is the highest common factor of 76 and a?
38
Let i = 581 + -287. Suppose x + 3*x = -y + 164, 0 = -x - y + 38. What is the highest common divisor of x and i?
42
Let j(q) = 2*q - 1. Let k be j(1). Let o(y) = 5*y**2 - 1. Let d be o(k). Let t = 71 - 35. Calculate the greatest common factor of d and t.
4
Suppose 0 = o - 3*y - 49, -12*o + 8*o = -y - 251. Let l(g) = -g**2 - 10*g - 5. Let v be l(-7). Calculate the highest common factor of v and o.
16
Let a be (11352/(-14))/(-3) + (-44)/154. Calculate the greatest common divisor of 30 and a.
30
Suppose 0 = 27*j - 16*j - 748. What is the highest common divisor of j and 748?
68
Suppose 2455 = 50*i - 1145. What is the greatest common divisor of i and 9?
9
Let r = -70 - -74. Suppose -b + 2 = 0, r*t + b = t + 32. What is the greatest common factor of t and 30?
10
Let b = -661 - -756. Calculate the greatest common divisor of b and 665.
95
Let g(t) = 3*t**2 + 6*t + 2 + 2 + 0. Let f = 8 - 13. Let p be g(f). What is the highest common factor of p and 7?
7
Suppose 67 = 10*d - 133. What is the greatest common factor of d and 500?
20
Suppose -3*h - 8 = -35. Suppose -6*s = -h*s + 486. What is the highest common factor of s and 18?
18
Suppose 149*z = 122*z + 16929. What is the greatest common divisor of 114 and z?
57
Let x(i) = -i**2 - 25*i - 60. Let f be x(-17). What is the highest common divisor of 8 and f?
4
Suppose 0 = 5*v + 6 - 1. Let u be (-2 - (-4 - v)) + 528. Suppose -6*s + 5*s - 1 = 0, 0 = -3*a + s + u. Calculate the highest common factor of a and 22.
22
Let i = 35 + -1. Suppose -i = -4*d - 4*x - 2, -8 = d + 5*x. Let j be 1/(33/(-12) - -3). What is the highest common factor of d and j?
4
Suppose 0 = 86*y - 64*y - 594. Calculate the highest common divisor of y and 1647.
27
Let y be (-1)/((-2)/12*2). Let b(q) = -q**2 + 4*q + 1. Let j be b(y). Suppose -j*t = -t - 132. Calculate the highest common factor of 66 and t.
22
Let s(q) = -q**2 + 6*q - 4. Let h be s(8). Let u = 36 + h. Suppose -2*b = 10 - 298. Calculate the highest common divisor of u and b.
16
Let v = 1052 - 1004. Calculate the highest common factor of v and 16.
16
Suppose -x - 3*x - 2253 = -5*z, -5*x - 2841 = 2*z. Let t = -393 - x. What is the greatest common factor of t and 29?
29
Let m(l) = -18*l**3 - 1 - 28*l + 2*l**2 + 16*l**3 + 28*l. Let y be m(-2). What is the greatest common factor of y and 253?
23
Let r = 300 + -228. Calculate the highest common factor of r and 198.
18
Let v = 1 - -5. Let c(p) = 5*p**2 + p + 7. Let n be c(v). Let o = -133 + n. What is the greatest common factor of o and 24?
12
Let m(f) = -817*f - 623. Let l be m(-4). Calculate the highest common factor of l and 115.
115
Let x(c) = c**3 + 18*c**2 + 16*c - 18. Let k be x(-17). Let r be 4/12*(19*4 + k). What is the highest common factor of r and 100?
25
Let t = 24 + 17. Calculate the highest common factor of t and 41.
41
Suppose 5*k - 173 = 22. Let o = k + -26. Suppose 0 = 4*b + 12, -b = -4*n + b + 318. Calculate the highest common factor of n and o.
13
Let u be 38/(-4)*(-4 + 6). Let l = u - -46. Calculate the highest common divisor of l and 9.
9
Let h = -113 - -69. Let l = 6 - h. Suppose -3*q + l = 11. What is the greatest common divisor of q and 26?
13
Suppose 390 = 2*h + 3*h. Let l be ((-3)/12)/(8/(-416)). Calculate the greatest common divisor of h and l.
13
Suppose -3*u + 4 = -o + 5, 4*u - 4*o + 12 = 0. Suppose 0 = -b + 257 - 253. Calculate the highest comm